en 13104546 is divided by 912.
18
Calculate the remainder when 38275827 is divided by 12371.
12324
Calculate the remainder when 85600 is divided by 28271.
787
What is the remainder when 8666312 is divided by 86663?
12
What is the remainder when 1417817 is divided by 5100?
17
Calculate the remainder when 2946264 is divided by 420887.
55
Calculate the remainder when 173542799 is divided by 5430.
5429
Calculate the remainder when 1293467 is divided by 46195.
7
Calculate the remainder when 16583082 is divided by 592251.
54
Calculate the remainder when 10017301 is divided by 5008632.
37
What is the remainder when 360015 is divided by 89975?
115
Calculate the remainder when 10890 is divided by 420.
390
What is the remainder when 10456547 is divided by 67?
58
Calculate the remainder when 19697 is divided by 4411.
2053
Calculate the remainder when 1616895 is divided by 204.
195
Calculate the remainder when 841446 is divided by 166.
158
What is the remainder when 19081661 is divided by 15?
11
What is the remainder when 2482807 is divided by 827596?
19
Calculate the remainder when 1375321 is divided by 327.
286
What is the remainder when 8400717 is divided by 2040?
2037
Calculate the remainder when 5584137 is divided by 486.
483
What is the remainder when 527777 is divided by 538?
537
What is the remainder when 246757 is divided by 2654?
2589
Calculate the remainder when 281465 is divided by 527.
47
Calculate the remainder when 49633 is divided by 2595.
328
What is the remainder when 465718 is divided by 1101?
1096
What is the remainder when 8647059 is divided by 5784?
5763
Calculate the remainder when 78254 is divided by 7807.
184
What is the remainder when 12358758 is divided by 104735?
28
Calculate the remainder when 84007818 is divided by 4385.
4373
What is the remainder when 34067 is divided by 6771?
212
Calculate the remainder when 1177494 is divided by 444.
6
What is the remainder when 1254443 is divided by 60?
23
What is the remainder when 18557789 is divided by 8?
5
Calculate the remainder when 957710 is divided by 119.
117
Calculate the remainder when 381719 is divided by 127215.
74
What is the remainder when 2640219 is divided by 2220?
639
What is the remainder when 2918076 is divided by 9?
6
What is the remainder when 40399 is divided by 2472?
847
Calculate the remainder when 2336555 is divided by 357.
347
What is the remainder when 416997 is divided by 98?
7
Calculate the remainder when 245837 is divided by 70.
67
What is the remainder when 8474688 is divided by 534?
108
Calculate the remainder when 7867688 is divided by 89.
88
Calculate the remainder when 362889 is divided by 270.
9
Calculate the remainder when 506292 is divided by 5444.
0
Calculate the remainder when 5309138 is divided by 1812.
1790
Calculate the remainder when 1401949595 is divided by 83.
81
Calculate the remainder when 957740 is divided by 957735.
5
What is the remainder when 3083660 is divided by 3083654?
6
Calculate the remainder when 665205 is divided by 36933.
411
What is the remainder when 435259 is divided by 22889?
368
What is the remainder when 676273 is divided by 96553?
402
Calculate the remainder when 24103 is divided by 1910.
1183
Calculate the remainder when 15515 is divided by 15416.
99
Calculate the remainder when 140860 is divided by 1534.
1266
What is the remainder when 7281498 is divided by 606791?
6
What is the remainder when 1329160 is divided by 2653?
7
What is the remainder when 2564171 is divided by 10684?
11
What is the remainder when 120710797 is divided by 2800?
2797
What is the remainder when 4011580 is divided by 176?
12
What is the remainder when 626612 is divided by 350?
112
Calculate the remainder when 39157702 is divided by 129.
10
Calculate the remainder when 18532835 is divided by 6177604.
23
What is the remainder when 162553 is divided by 10922?
9645
What is the remainder when 11987071 is divided by 56?
47
What is the remainder when 8010198 is divided by 50?
48
Calculate the remainder when 2976756 is divided by 345.
96
What is the remainder when 1063531 is divided by 4791?
4720
Calculate the remainder when 12393801 is divided by 3215.
3191
Calculate the remainder when 2925737 is divided by 271.
21
What is the remainder when 2186424 is divided by 128551?
1057
Calculate the remainder when 86152227 is divided by 21538055.
7
What is the remainder when 51271 is divided by 3911?
428
What is the remainder when 74790 is divided by 14792?
830
Calculate the remainder when 928466 is divided by 24428.
202
What is the remainder when 4195170 is divided by 279677?
15
Calculate the remainder when 210281432 is divided by 65.
62
Calculate the remainder when 167992 is divided by 2182.
2160
Calculate the remainder when 157859 is divided by 4512.
4451
What is the remainder when 4760758 is divided by 2380341?
76
What is the remainder when 2960621 is divided by 1180?
1
Calculate the remainder when 350304 is divided by 3366.
240
What is the remainder when 998589 is divided by 55475?
39
What is the remainder when 95210252 is divided by 1719?
1718
Calculate the remainder when 1198264 is divided by 171171.
67
Calculate the remainder when 2338892 is divided by 37.
11
What is the remainder when 172401 is divided by 328?
201
Calculate the remainder when 67664493 is divided by 115.
103
Calculate the remainder when 805025 is divided by 287.
277
Calculate the remainder when 4963 is divided by 362.
257
What is the remainder when 1705908 is divided by 45?
3
What is the remainder when 5026078 is divided by 596?
10
Calculate the remainder when 6908521 is divided by 690848.
41
Calculate the remainder when 1067155 is divided by 509.
291
Calculate the remainder when 1157520 is divided by 3640.
0
What is the remainder when 9118069 is divided by 9118053?
16
What is the remainder when 3033416 is divided by 7879?
1
What is the remainder when 644211 is divided by 1220?
51
Calculate the remainder when 652548309 is divided by 988.
985
Calculate the remainder when 1842398 is divided by 497.
19
What is the remainder when 5767316 is divided by 1153463?
1
Calculate the remainder when 4776627 is divided by 31017.
9
Calculate the remainder when 114079 is divided by 203.
196
What is the remainder when 2116400 is divided by 6376?
5944
What is the remainder when 10226420 is divided by 22725?
170
Calculate the remainder when 91190 is divided by 8278.
132
What is the remainder when 366094 is divided by 365459?
635
Calculate the remainder when 76854959 is divided by 2576.
2575
Calculate the remainder when 3042454 is divided by 18439.
19
What is the remainder when 8811394 is divided by 27?
25
Calculate the remainder when 9969354 is divided by 609.
24
What is the remainder when 597980 is divided by 119080?
2580
Calculate the remainder when 2056799 is divided by 1272.
1247
What is the remainder when 555687 is divided by 18?
9
What is the remainder when 12534 is divided by 6107?
320
What is the remainder when 3670994 is divided by 16536?
2
What is the remainder when 89953 is divided by 4571?
3104
Calculate the remainder when 48226557 is divided by 15.
12
What is the remainder when 295542397 is divided by 24?
13
Calculate the remainder when 33129365 is divided by 29.
26
Calculate the remainder when 938311 is divided by 15134.
3
What is the remainder when 29502 is divided by 6276?
4398
What is the remainder when 2195585 is divided by 28?
21
Calculate the remainder when 68077 is divided by 67789.
288
What is the remainder when 38814 is divided by 708?
582
What is the remainder when 156258 is divided by 78044?
170
Calculate the remainder when 2300374 is divided by 367.
18
Calculate the remainder when 2259700 is divided by 244.
16
What is the remainder when 3085815 is divided by 787?
775
What is the remainder when 322798 is divided by 322785?
13
What is the remainder when 31731 is divided by 3169?
41
What is the remainder when 16663055 is divided by 41?
40
Calculate the remainder when 165545893 is divided by 1214.
1211
What is the remainder when 305690626 is divided by 1874?
1872
Calculate the remainder when 310744562 is divided by 34.
32
What is the remainder when 29552 is divided by 863?
210
Calculate the remainder when 17649 is divided by 673.
151
Calculate the remainder when 30906 is divided b